{"id":72,"date":"2023-05-25T22:00:05","date_gmt":"2023-05-25T22:00:05","guid":{"rendered":"https:\/\/validthemes.net\/themeforest\/wp\/consua\/?page_id=72"},"modified":"2024-09-10T22:59:53","modified_gmt":"2024-09-10T21:59:53","slug":"team-details","status":"publish","type":"page","link":"https:\/\/logisupplysolutions.com\/turkce\/team-details\/","title":{"rendered":"Hakk\u0131m\u0131zda"},"content":{"rendered":"\t\t<div data-elementor-type=\"wp-page\" data-elementor-id=\"72\" class=\"elementor elementor-72\">\n\t\t\t\t\t\t<section class=\"elementor-section elementor-top-section elementor-element elementor-element-ba215f2 elementor-section-full_width elementor-section-height-default elementor-section-height-default\" data-id=\"ba215f2\" data-element_type=\"section\">\n\t\t\t\t\t\t<div class=\"elementor-container elementor-column-gap-no\">\n\t\t\t\t\t<div class=\"elementor-column elementor-col-100 elementor-top-column elementor-element elementor-element-d33238d\" data-id=\"d33238d\" data-element_type=\"column\">\n\t\t\t<div class=\"elementor-widget-wrap elementor-element-populated\">\n\t\t\t\t\t\t<div class=\"elementor-element elementor-element-2e3d901 elementor-widget elementor-widget-consua_team_details\" data-id=\"2e3d901\" data-element_type=\"widget\" data-widget_type=\"consua_team_details.default\">\n\t\t\t\t<div class=\"elementor-widget-container\">\n\t\t\t    <!-- Start Team Single Area\r\n    ============================================= -->\r\n    <div class=\"team-single-area default-padding-top\">\r\n        <div class=\"container\">\r\n            <div class=\"team-content-top\">\r\n                <div class=\"row\">\r\n                \t\t                    <div class=\"col-lg-5 left-info\">\r\n\t                        <div class=\"thumb\">\r\n\t\t                        <img decoding=\"async\" src=\"https:\/\/logisupplysolutions.com\/turkce\/wp-content\/uploads\/2024\/09\/idil-unverdi.jpeg\" alt=\"logISupply Solutions\">\r\n\t\t                    <\/div>\r\n\t                    <\/div>\r\n                                        <div class=\"col-lg-7 right-info\">\r\n                        <h2>\u0130dil \u00dcnverdi<\/h2>\r\n                        <span>G\u0131da ve Sa\u011fl\u0131k Lojisti\u011fi alan\u0131nda 15 y\u0131ll\u0131k mesleki deneyim.<\/span>\r\n                        <p>\r\n                            Geni\u015f kapsaml\u0131 ila\u00e7 lojisti\u011fi ve tedarik zinciri y\u00f6netimi uzmanl\u0131\u011f\u0131na sahip olan \u0130dil \u00dcnverdi, stratejik yetenekleri ve yenilik\u00e7i \u00e7\u00f6z\u00fcmleriyle tan\u0131nan deneyimli bir profesyoneldir. Net Healthcare Logistics'te \u00f6nemli pazar geni\u015flemelerine liderlik etmi\u015f ve operasyonlar\u0131 iyile\u015ftirerek GDP ve GMP standartlar\u0131na uyumu sa\u011flam\u0131\u015ft\u0131r. Sussex \u00dcniversitesi'nden Global Tedarik Zinciri ve Lojistik Y\u00f6netimi alan\u0131nda Y\u00fcksek Lisans ve Bo\u011fazi\u00e7i \u00dcniversitesi'nden Executive MBA derecesine sahiptir. \u0130dil, operasyonel verimlili\u011fi art\u0131rmak i\u00e7in yapay zeka gibi teknolojileri kullanmada ba\u015far\u0131l\u0131d\u0131r. Stratejik planlama, operasyon y\u00f6netimi, ihale y\u00f6netimi, m\u00fczakereler ve s\u00f6zle\u015fme lojisti\u011fi konular\u0131ndaki kapsaml\u0131 becerileri, onu g\u0131da ve sa\u011fl\u0131k lojisti\u011fi operasyonlar\u0131n\u0131 optimize etmek i\u00e7in de\u011ferli bir dan\u0131\u015fman yapmaktad\u0131r.                        <\/p>\r\n                        \r\n                        <div class=\"social\">\r\n                        \t                        \t\t                            <div class=\"share-link\">\r\n\t                                <i class=\"fas fa-share-alt\"><\/i>\r\n\t                                <ul>\r\n\t                                \t\t\t\t\t                            <li>\r\n\t\t\t\t                                <a href=\"https:\/\/www.linkedin.com\/in\/idil-unverdi-emba\/\">\r\n\t\t\t\t                                   \t\t\t\t\t\t\t\t                    \t\t\t\t\t\t\t\t                    \t\t\t\t\t\t\t\t                        <i class=\"fab fa-linkedin\"><\/i>\r\n\t\t\t\t\t\t\t\t                    \t\t\t\t                                <\/a>\r\n\t\t\t\t                            <\/li>\r\n\t\t\t                           \t\t                                    \r\n\t                                <\/ul>\r\n\t                            <\/div>\r\n                                                    <\/div>\r\n                    <\/div>\r\n                <\/div>\r\n            <\/div>\r\n        <\/div>\r\n        \t        <div class=\"bottom-info bg-gray default-padding\">\r\n\t            <div class=\"container\">\r\n\t                <div class=\"row\">\r\n\t                    <div class=\"col-lg-6\">\r\n\t                        <div class=\"team-single-list\">\r\n\t                        \t\t\t                            <div class=\"team-list-item\">\r\n\t\t                                <h4>Education<\/h4>\r\n\t\t                                <ul>\r\n\t\t                                \t\t\t\t                                    <li>\r\n\t\t\t                                        <h5>M.Sc. University of Sussex, UK<\/h5>\r\n\t\t\t                                        <span>Global Supply Chain and Logistics \n                                                                          Management<\/span>\r\n\t\t\t                                        <p>\r\n\t\t\t                                           2024\t\t\t                                        <\/p>\r\n\t\t\t                                    <\/li>\r\n\t\t                                    \t\t\t                                    <li>\r\n\t\t\t                                        <h5>MBA Bogazici University<\/h5>\r\n\t\t\t                                        <span>Executive MBA<\/span>\r\n\t\t\t                                        <p>\r\n\t\t\t                                           2021\t\t\t                                        <\/p>\r\n\t\t\t                                    <\/li>\r\n\t\t                                    \t\t\t                                    <li>\r\n\t\t\t                                        <h5>B.Sc. Ege University (Double Major) <\/h5>\r\n\t\t\t                                        <span>Food Engineering | Biochemistry<\/span>\r\n\t\t\t                                        <p>\r\n\t\t\t                                           2009\t\t\t                                        <\/p>\r\n\t\t\t                                    <\/li>\r\n\t\t                                    \t\t                                <\/ul>\r\n\t\t                            <\/div>\r\n\t                            \t                            \t\t                            <div class=\"team-list-item\">\r\n\t\t                                <h4>Experience<\/h4>\r\n\t\t                                <ul>\r\n\t\t                                \t\t\t\t                                    <li>\r\n\t\t\t                                        <h5>Net Healthcare Logistics (Netlog Logistics Group)<\/h5>\r\n\t\t\t                                        <span>Assist. General Manager, Business Development- Process Development- Operation<\/span>\r\n\t\t\t                                        <p>\r\n\t\t\t                                            2014 - 2023\t\t\t                                        <\/p>\r\n\t\t\t                                    <\/li>\r\n\t\t                                   \t\t\t\t                                    <li>\r\n\t\t\t                                        <h5>Ekol Logistics <\/h5>\r\n\t\t\t                                        <span>Business Development Manager, Food and Healthcare Sectors<\/span>\r\n\t\t\t                                        <p>\r\n\t\t\t                                            2012 - 2014\t\t\t                                        <\/p>\r\n\t\t\t                                    <\/li>\r\n\t\t                                   \t\t\t\t                                    <li>\r\n\t\t\t                                        <h5>LSG Sky Chefs (Lufthansa Group)<\/h5>\r\n\t\t\t                                        <span>Purchasing and Supply Chain Supervisor<\/span>\r\n\t\t\t                                        <p>\r\n\t\t\t                                            2009 - 2012\t\t\t                                        <\/p>\r\n\t\t\t                                    <\/li>\r\n\t\t                                   \t\t\t                                <\/ul>\r\n\t\t                            <\/div>\r\n\t\t                        \t                        <\/div>\r\n\t                    <\/div>\r\n\t                    \t                <\/div>\r\n\t            <\/div>\r\n\t        <\/div>\r\n    \t    <\/div>\r\n    <!-- End Team Single Area -->\r\n\r\n    \t\t<\/div>\n\t\t\t\t<\/div>\n\t\t\t\t<div class=\"elementor-element elementor-element-d1634a4 elementor-widget elementor-widget-consua_team_details\" data-id=\"d1634a4\" data-element_type=\"widget\" data-widget_type=\"consua_team_details.default\">\n\t\t\t\t<div class=\"elementor-widget-container\">\n\t\t\t    <!-- Start Team Single Area\r\n    ============================================= -->\r\n    <div class=\"team-single-area default-padding-top\">\r\n        <div class=\"container\">\r\n            <div class=\"team-content-top\">\r\n                <div class=\"row\">\r\n                \t\t                    <div class=\"col-lg-5 left-info\">\r\n\t                        <div class=\"thumb\">\r\n\t\t                        <img decoding=\"async\" src=\"https:\/\/logisupplysolutions.com\/turkce\/wp-content\/uploads\/2024\/09\/Selen-Ilikcik-Umut.jpeg\" alt=\"logISupply Solutions\">\r\n\t\t                    <\/div>\r\n\t                    <\/div>\r\n                                        <div class=\"col-lg-7 right-info\">\r\n                        <h2>Selen \u0130likcik Umut<\/h2>\r\n                        <span>T\u00fcketim \u00dcr\u00fcnleri Sekt\u00f6r\u00fcnde 10 Y\u0131ll\u0131k Profesyonel Deneyim<\/span>\r\n                        <p>\r\n                            Selen \u0130likcik Umut, tedarik zinciri y\u00f6netimi, talep, tedarik ve \u00fcretim planlamas\u0131 konusunda uzmanla\u015fm\u0131\u015f deneyimli bir End\u00fcstri M\u00fchendisi ve K\u0131demli Planlama Uzman\u0131d\u0131r. Samsung Electronics ve Beko Corporate gibi \u00fcst d\u00fczey \u015firketlerde \u00e7al\u0131\u015farak stok y\u00f6netimi ve tedarik s\u00fcre\u00e7lerini optimize etmi\u015ftir. Selen, Sussex \u00dcniversitesi'nden Global Tedarik Zinciri ve Lojistik Y\u00f6netimi alan\u0131nda Y\u00fcksek Lisans ve Bo\u011fazi\u00e7i \u00dcniversitesi'nden Y\u00f6netim alan\u0131nda Y\u00fcksek Lisans derecelerine sahiptir. Selen, \u00e7apraz fonksiyonel ekipleri koordine etme, i\u015f birli\u011fini te\u015fvik etme ve end\u00fcstri standartlar\u0131na uygun en iyi uygulamalar\u0131 hayata ge\u00e7irme konular\u0131nda uzmand\u0131r. M\u00fckemmeliyet ve yenilik\u00e7i \u00e7\u00f6z\u00fcmler konusundaki ba\u011fl\u0131l\u0131\u011f\u0131 sayesinde, tedarik zinciri operasyonlar\u0131n\u0131 optimize etmede \u00f6nemli bir katk\u0131 sa\u011flar.                        <\/p>\r\n                        \r\n                        <div class=\"social\">\r\n                        \t                        \t\t                            <div class=\"share-link\">\r\n\t                                <i class=\"fas fa-share-alt\"><\/i>\r\n\t                                <ul>\r\n\t                                \t\t\t\t\t                            <li>\r\n\t\t\t\t                                <a href=\"https:\/\/www.linkedin.com\/in\/selen-ilikcik-umut-8437684a\/\">\r\n\t\t\t\t                                   \t\t\t\t\t\t\t\t                    \t\t\t\t\t\t\t\t                    \t\t\t\t\t\t\t\t                        <i class=\"fab fa-linkedin\"><\/i>\r\n\t\t\t\t\t\t\t\t                    \t\t\t\t                                <\/a>\r\n\t\t\t\t                            <\/li>\r\n\t\t\t                           \t\t                                    \r\n\t                                <\/ul>\r\n\t                            <\/div>\r\n                                                    <\/div>\r\n                    <\/div>\r\n                <\/div>\r\n            <\/div>\r\n        <\/div>\r\n        \t        <div class=\"bottom-info bg-gray default-padding\">\r\n\t            <div class=\"container\">\r\n\t                <div class=\"row\">\r\n\t                    <div class=\"col-lg-6\">\r\n\t                        <div class=\"team-single-list\">\r\n\t                        \t\t\t                            <div class=\"team-list-item\">\r\n\t\t                                <h4>Education<\/h4>\r\n\t\t                                <ul>\r\n\t\t                                \t\t\t\t                                    <li>\r\n\t\t\t                                        <h5>M.Sc. University of Sussex, UK<\/h5>\r\n\t\t\t                                        <span>Global Supply Chain and Logistics \n                                                                          Management<\/span>\r\n\t\t\t                                        <p>\r\n\t\t\t                                           2024\t\t\t                                        <\/p>\r\n\t\t\t                                    <\/li>\r\n\t\t                                    \t\t\t                                    <li>\r\n\t\t\t                                        <h5>Bogazici University<\/h5>\r\n\t\t\t                                        <span>MA Management<\/span>\r\n\t\t\t                                        <p>\r\n\t\t\t                                           2024\t\t\t                                        <\/p>\r\n\t\t\t                                    <\/li>\r\n\t\t                                    \t\t\t                                    <li>\r\n\t\t\t                                        <h5>Istanbul Technical University<\/h5>\r\n\t\t\t                                        <span>Bachelor of Science - Industrial Engineering<\/span>\r\n\t\t\t                                        <p>\r\n\t\t\t                                           2010 - 2015\t\t\t                                        <\/p>\r\n\t\t\t                                    <\/li>\r\n\t\t                                    \t\t                                <\/ul>\r\n\t\t                            <\/div>\r\n\t                            \t                            \t\t                            <div class=\"team-list-item\">\r\n\t\t                                <h4>Experience<\/h4>\r\n\t\t                                <ul>\r\n\t\t                                \t\t\t\t                                    <li>\r\n\t\t\t                                        <h5>Samsung Electronics<\/h5>\r\n\t\t\t                                        <span>Demand Planning &amp; Procurement -<br>Assistant Manager<\/span>\r\n\t\t\t                                        <p>\r\n\t\t\t                                            2023\t\t\t                                        <\/p>\r\n\t\t\t                                    <\/li>\r\n\t\t                                   \t\t\t\t                                    <li>\r\n\t\t\t                                        <h5>Samsung Electronics<\/h5>\r\n\t\t\t                                        <span>Demand Planning &amp; Procurement -<br> Senior Specialist<\/span>\r\n\t\t\t                                        <p>\r\n\t\t\t                                            2021 - 2023\t\t\t                                        <\/p>\r\n\t\t\t                                    <\/li>\r\n\t\t                                   \t\t\t\t                                    <li>\r\n\t\t\t                                        <h5>Beko Corporate<\/h5>\r\n\t\t\t                                        <span>Production &amp; Material Planning Specialist<\/span>\r\n\t\t\t                                        <p>\r\n\t\t\t                                            2015 - 2021\t\t\t                                        <\/p>\r\n\t\t\t                                    <\/li>\r\n\t\t                                   \t\t\t\t                                    <li>\r\n\t\t\t                                        <h5>T\u00fcrk Henkel<\/h5>\r\n\t\t\t                                        <span>Supply Planner<\/span>\r\n\t\t\t                                        <p>\r\n\t\t\t                                            2015\t\t\t                                        <\/p>\r\n\t\t\t                                    <\/li>\r\n\t\t                                   \t\t\t                                <\/ul>\r\n\t\t                            <\/div>\r\n\t\t                        \t                        <\/div>\r\n\t                    <\/div>\r\n\t                    \t                <\/div>\r\n\t            <\/div>\r\n\t        <\/div>\r\n    \t    <\/div>\r\n    <!-- End Team Single Area -->\r\n\r\n    \t\t<\/div>\n\t\t\t\t<\/div>\n\t\t\t\t\t<\/div>\n\t\t<\/div>\n\t\t\t\t\t<\/div>\n\t\t<\/section>\n\t\t\t\t<\/div>\n\t\t","protected":false},"excerpt":{"rendered":"<p>\u0130dil \u00dcnverdi G\u0131da ve Sa\u011fl\u0131k Lojisti\u011fi alan\u0131nda 15 y\u0131ll\u0131k mesleki deneyim. Geni\u015f kapsaml\u0131 ila\u00e7 lojisti\u011fi ve tedarik zinciri y\u00f6netimi uzmanl\u0131\u011f\u0131na sahip olan \u0130dil \u00dcnverdi, stratejik yetenekleri ve yenilik\u00e7i \u00e7\u00f6z\u00fcmleriyle tan\u0131nan deneyimli bir profesyoneldir. Net Healthcare Logistics&#8217;te \u00f6nemli pazar geni\u015flemelerine liderlik etmi\u015f ve operasyonlar\u0131 iyile\u015ftirerek GDP ve GMP standartlar\u0131na uyumu sa\u011flam\u0131\u015ft\u0131r. Sussex \u00dcniversitesi&#8217;nden Global Tedarik Zinciri&#8230;<\/p>\n","protected":false},"author":1,"featured_media":0,"parent":0,"menu_order":0,"comment_status":"closed","ping_status":"closed","template":"elementor_header_footer","meta":{"_monsterinsights_skip_tracking":false,"_monsterinsights_sitenote_active":false,"_monsterinsights_sitenote_note":"","_monsterinsights_sitenote_category":0,"footnotes":""},"class_list":["post-72","page","type-page","status-publish","hentry"],"aioseo_notices":[],"_links":{"self":[{"href":"https:\/\/logisupplysolutions.com\/turkce\/wp-json\/wp\/v2\/pages\/72","targetHints":{"allow":["GET"]}}],"collection":[{"href":"https:\/\/logisupplysolutions.com\/turkce\/wp-json\/wp\/v2\/pages"}],"about":[{"href":"https:\/\/logisupplysolutions.com\/turkce\/wp-json\/wp\/v2\/types\/page"}],"author":[{"embeddable":true,"href":"https:\/\/logisupplysolutions.com\/turkce\/wp-json\/wp\/v2\/users\/1"}],"replies":[{"embeddable":true,"href":"https:\/\/logisupplysolutions.com\/turkce\/wp-json\/wp\/v2\/comments?post=72"}],"version-history":[{"count":52,"href":"https:\/\/logisupplysolutions.com\/turkce\/wp-json\/wp\/v2\/pages\/72\/revisions"}],"predecessor-version":[{"id":3091,"href":"https:\/\/logisupplysolutions.com\/turkce\/wp-json\/wp\/v2\/pages\/72\/revisions\/3091"}],"wp:attachment":[{"href":"https:\/\/logisupplysolutions.com\/turkce\/wp-json\/wp\/v2\/media?parent=72"}],"curies":[{"name":"wp","href":"https:\/\/api.w.org\/{rel}","templated":true}]}}