{"id":3072,"date":"2024-08-29T21:44:31","date_gmt":"2024-08-29T20:44:31","guid":{"rendered":"https:\/\/logisupplysolutions.com\/turkce\/?page_id=3072"},"modified":"2024-11-13T21:08:07","modified_gmt":"2024-11-13T20:08:07","slug":"robotik-surec-otomasyonu-rpa","status":"publish","type":"page","link":"https:\/\/logisupplysolutions.com\/turkce\/robotik-surec-otomasyonu-rpa\/","title":{"rendered":"Robotik S\u00fcre\u00e7 Otomasyonu &#8211; AI (RPA-AI)"},"content":{"rendered":"\t\t<div data-elementor-type=\"wp-page\" data-elementor-id=\"3072\" class=\"elementor elementor-3072\">\n\t\t\t\t<div class=\"elementor-element elementor-element-8890188 e-flex e-con-boxed e-con e-parent\" data-id=\"8890188\" data-element_type=\"container\">\n\t\t\t\t\t<div class=\"e-con-inner\">\n\t\t\t\t<div class=\"elementor-element elementor-element-a2fd71b elementor-widget__width-initial elementor-widget elementor-widget-html\" data-id=\"a2fd71b\" data-element_type=\"widget\" data-widget_type=\"html.default\">\n\t\t\t\t<div class=\"elementor-widget-container\">\n\t\t\t<div style=\"padding:56.25% 0 0 0;position:relative;\"><iframe src=\"https:\/\/player.vimeo.com\/video\/1008597289?badge=0&amp;autopause=0&amp;player_id=0&amp;app_id=58479\" frameborder=\"0\" allow=\"autoplay; fullscreen; picture-in-picture; clipboard-write\" style=\"position:absolute;top:0;left:0;width:100%;height:100%;\" title=\"Idil-RPA\"><\/iframe><\/div><script src=\"https:\/\/player.vimeo.com\/api\/player.js\"><\/script>\t\t<\/div>\n\t\t\t\t<\/div>\n\t\t\t\t\t<\/div>\n\t\t\t\t<\/div>\n\t\t<div class=\"elementor-element elementor-element-55b29a e-flex e-con-boxed e-con e-parent\" data-id=\"55b29a\" data-element_type=\"container\">\n\t\t\t\t\t<div class=\"e-con-inner\">\n\t\t\t\t<div class=\"elementor-element elementor-element-6d338880 elementor-widget elementor-widget-text-editor\" data-id=\"6d338880\" data-element_type=\"widget\" data-widget_type=\"text-editor.default\">\n\t\t\t\t<div class=\"elementor-widget-container\">\n\t\t\t<style>\/*! elementor - v3.22.0 - 26-06-2024 *\/\n.elementor-widget-text-editor.elementor-drop-cap-view-stacked .elementor-drop-cap{background-color:#69727d;color:#fff}.elementor-widget-text-editor.elementor-drop-cap-view-framed .elementor-drop-cap{color:#69727d;border:3px solid;background-color:transparent}.elementor-widget-text-editor:not(.elementor-drop-cap-view-default) .elementor-drop-cap{margin-top:8px}.elementor-widget-text-editor:not(.elementor-drop-cap-view-default) .elementor-drop-cap-letter{width:1em;height:1em}.elementor-widget-text-editor .elementor-drop-cap{float:left;text-align:center;line-height:1;font-size:50px}.elementor-widget-text-editor .elementor-drop-cap-letter{display:inline-block}<\/style>\t\t\t\t<!-- wp:paragraph -->\n<p><strong>RPA-AI Tabanl\u0131 Lojistik ve Tedarik Zinciri Verimlilik \u00c7\u00f6z\u00fcmleri<\/strong><\/p>\n<p><img fetchpriority=\"high\" decoding=\"async\" class=\"wp-image-3074 alignright\" src=\"https:\/\/logisupplysolutions.com\/turkce\/wp-content\/uploads\/2024\/08\/WhatsApp-Image-2024-08-25-at-13.59.19-300x170.jpeg\" alt=\"\" width=\"400\" height=\"226\" srcset=\"https:\/\/logisupplysolutions.com\/turkce\/wp-content\/uploads\/2024\/08\/WhatsApp-Image-2024-08-25-at-13.59.19-300x170.jpeg 300w, https:\/\/logisupplysolutions.com\/turkce\/wp-content\/uploads\/2024\/08\/WhatsApp-Image-2024-08-25-at-13.59.19-598x339.jpeg 598w, https:\/\/logisupplysolutions.com\/turkce\/wp-content\/uploads\/2024\/08\/WhatsApp-Image-2024-08-25-at-13.59.19.jpeg 600w\" sizes=\"(max-width: 400px) 100vw, 400px\" \/><\/p>\n<p>G\u00fcn\u00fcm\u00fcz\u00fcn h\u0131zl\u0131 tempolu lojistik ve tedarik zinciri ortam\u0131nda, verimlilik, do\u011fruluk ve \u00e7eviklik hayati \u00f6nem ta\u015f\u0131r. RPA Tabanl\u0131 \u00c7\u00f6z\u00fcmlerimiz, lojistik, tedarik zinciri ve talep planlama s\u00fcre\u00e7lerinizi otomatikle\u015ftirip optimize etmek \u00fczere tasarlanm\u0131\u015ft\u0131r ve performans, do\u011fruluk ve maliyet etkinli\u011finde \u00f6nemli iyile\u015ftirmeler sunar.<\/p>\n<p>\u0130\u015flemlerinize Robotik S\u00fcre\u00e7 Otomasyonu &#8211; AI (RPA-AI) entegre ederek, veri giri\u015fi, sipari\u015f i\u015fleme, envanter y\u00f6netimi, g\u00f6nderi takibi ve talep planlama gibi tekrarlayan ve zaman al\u0131c\u0131 g\u00f6revleri kolayla\u015ft\u0131r\u0131yoruz. Bu otomasyon, insan hatas\u0131 olas\u0131l\u0131\u011f\u0131n\u0131 azaltmakla kalmaz, ayn\u0131 zamanda s\u00fcre\u00e7lerin y\u00fcr\u00fct\u00fclmesini h\u0131zland\u0131r\u0131r ve lojistik ve tedarik zinciri operasyonlar\u0131n\u0131z\u0131n her zaman en y\u00fcksek verimlilikte \u00e7al\u0131\u015fmas\u0131n\u0131 sa\u011flar.<\/p>\n<p><strong>RPA Tabanl\u0131 \u00c7\u00f6z\u00fcmlerimizin Ana Faydalar\u0131:<\/strong><\/p>\n<ul>\n<li><strong>Artan Do\u011fruluk:<\/strong> Veri giri\u015fi, talep tahminleri ve i\u015fleme g\u00f6revlerini otomatikle\u015ftirerek manuel hatalar\u0131 ortadan kald\u0131r\u0131n, lojistik ve tedarik zinciri verilerinizin do\u011fru ve g\u00fcncel olmas\u0131n\u0131 sa\u011flay\u0131n.<\/li>\n<li><strong>Daha H\u0131zl\u0131 \u0130\u015flem S\u00fcreleri:<\/strong> Sipari\u015f kar\u015f\u0131lama i\u015flemlerinden talep planlamas\u0131na kadar i\u015f ak\u0131\u015flar\u0131n\u0131z\u0131 h\u0131zland\u0131r\u0131n; otomasyon, g\u00f6revleri \u00e7ok daha k\u0131sa s\u00fcrede i\u015fler.<\/li>\n<li><strong>Maliyet Azaltma:<\/strong> Manuel i\u015f g\u00fcc\u00fcn\u00fc en aza indirerek ve kaynak tahsisini optimize ederek operasyonel maliyetleri azalt\u0131n; ekibinizin daha y\u00fcksek de\u011ferli faaliyetlere odaklanmas\u0131n\u0131 sa\u011flay\u0131n.<\/li>\n<li><strong>Geli\u015fmi\u015f Talep Planlama:<\/strong> RPA, verilerin birden fazla kaynaktan toplanmas\u0131n\u0131 ve analiz edilmesini otomatikle\u015ftirebilir, bu da talep tahminlerinin do\u011frulu\u011funu art\u0131r\u0131r. Bu, arz ve talep aras\u0131ndaki uyumu iyile\u015ftirerek stok t\u00fckenmesi veya fazla stok riskini azalt\u0131r.<\/li>\n<li><strong>Entegrasyon olmadan Implementasyon:<\/strong> RPA \u00e7\u00f6z\u00fcmlerimiz, mevcut ERP, WMS ve talep planlama sistemlerinizle entegre olmas\u0131na gerek olmadan \u00e7al\u0131\u015f\u0131r, bu sayede ge\u00e7i\u015fin sorunsuz ve operasyonel iyile\u015ftirmelerin hemen olmas\u0131n\u0131 sa\u011flar.<\/li>\n<li><strong>\u00d6l\u00e7eklenebilirlik:<\/strong> \u0130\u015finiz b\u00fcy\u00fcd\u00fck\u00e7e, RPA \u00e7\u00f6z\u00fcmlerimiz de sizinle birlikte \u00f6l\u00e7eklenebilir; artan hacimler ve daha karma\u015f\u0131k lojistik ve tedarik zinciri gereksinimlerine verimlili\u011fi d\u00fc\u015f\u00fcrmeden uyum sa\u011flar.<\/li>\n<\/ul>\n<p><strong>RPA&#8217;n\u0131n Tedarik Zinciri, Lojistik ve Talep Planlamadaki Uygulamalar\u0131:<\/strong><\/p>\n<ul>\n<li><strong>Sipari\u015f \u0130\u015fleme Otomasyonu:<\/strong> Sipari\u015f al\u0131m\u0131ndan teslimata kadar t\u00fcm sipari\u015f i\u015fleme d\u00f6ng\u00fcs\u00fcn\u00fc otomatikle\u015ftirerek, i\u015flem s\u00fcrelerini k\u0131salt\u0131n ve sipari\u015f do\u011frulu\u011funu art\u0131r\u0131n.<\/li>\n<li><strong>Envanter Y\u00f6netimi:<\/strong> Envanter g\u00fcncellemeleri ve stok seviyesi takibini otomatikle\u015ftirmek i\u00e7in RPA kullanarak, ger\u00e7ek zamanl\u0131 g\u00f6r\u00fcn\u00fcrl\u00fck ve do\u011fru envanter verileri sa\u011flay\u0131n.<\/li>\n<li><strong>G\u00f6nderi Takibi:<\/strong> G\u00f6nderi ve teslimat g\u00fcncellemelerinin takibini otomatikle\u015ftirerek, m\u00fc\u015fterilerinize ger\u00e7ek zamanl\u0131 bilgi sunun ve m\u00fc\u015fteri memnuniyetini art\u0131r\u0131n.<\/li>\n<li><strong>Talep Planlama:<\/strong> RPA, \u00e7e\u015fitli kaynaklardan veri toplay\u0131p analiz ederek talep planlamay\u0131 kolayla\u015ft\u0131rabilir, trendleri belirleyebilir ve tahminler olu\u015fturabilir. Bu, tedarik zincirinizin talepteki de\u011fi\u015fikliklere duyarl\u0131 olmas\u0131n\u0131 sa\u011flar, envanter seviyelerini optimize eder ve israf\u0131 azalt\u0131r.<\/li>\n<li><strong>Uyumluluk ve Raporlama:<\/strong> Uyumluluk belgeleri ve raporlama s\u00fcre\u00e7lerini kolayla\u015ft\u0131rarak, operasyonlar\u0131n\u0131z\u0131n minimum manuel m\u00fcdahale ile t\u00fcm yasal gereklilikleri kar\u015f\u0131lamas\u0131n\u0131 sa\u011flay\u0131n.<\/li>\n<\/ul>\n<p>logiSupply Solutions olarak, lojistik, tedarik zinciri ve talep planlama operasyonlar\u0131n\u0131z\u0131 geli\u015ftirmek i\u00e7in RPA&#8217;n\u0131n t\u00fcm potansiyelinden yararlanman\u0131za yard\u0131mc\u0131 olmay\u0131 taahh\u00fct ediyoruz. Uzman ekibimiz, verimlili\u011fi art\u0131ran, maliyetleri d\u00fc\u015f\u00fcren ve pazarda size rekabet avantaj\u0131 sa\u011flayan, ihtiya\u00e7lar\u0131n\u0131za \u00f6zel RPA \u00e7\u00f6z\u00fcmlerini tasarlamak ve uygulamak i\u00e7in sizinle birlikte \u00e7al\u0131\u015facakt\u0131r.<\/p>\n<ul><!-- \/wp:list-item --><\/ul>\n<!-- \/wp:list -->\t\t\t\t\t\t<\/div>\n\t\t\t\t<\/div>\n\t\t\t\t\t<\/div>\n\t\t\t\t<\/div>\n\t\t\t\t<\/div>\n\t\t","protected":false},"excerpt":{"rendered":"<p>RPA-AI Tabanl\u0131 Lojistik ve Tedarik Zinciri Verimlilik \u00c7\u00f6z\u00fcmleri G\u00fcn\u00fcm\u00fcz\u00fcn h\u0131zl\u0131 tempolu lojistik ve tedarik zinciri ortam\u0131nda, verimlilik, do\u011fruluk ve \u00e7eviklik hayati \u00f6nem ta\u015f\u0131r. RPA Tabanl\u0131 \u00c7\u00f6z\u00fcmlerimiz, lojistik, tedarik zinciri ve talep planlama s\u00fcre\u00e7lerinizi otomatikle\u015ftirip optimize etmek \u00fczere tasarlanm\u0131\u015ft\u0131r ve performans, do\u011fruluk ve maliyet etkinli\u011finde \u00f6nemli iyile\u015ftirmeler sunar. \u0130\u015flemlerinize Robotik S\u00fcre\u00e7 Otomasyonu &#8211; AI (RPA-AI) entegre&#8230;<\/p>\n","protected":false},"author":1,"featured_media":2810,"parent":0,"menu_order":0,"comment_status":"closed","ping_status":"closed","template":"elementor_theme","meta":{"_monsterinsights_skip_tracking":false,"_monsterinsights_sitenote_active":false,"_monsterinsights_sitenote_note":"","_monsterinsights_sitenote_category":0,"footnotes":""},"class_list":["post-3072","page","type-page","status-publish","has-post-thumbnail","hentry"],"aioseo_notices":[],"_links":{"self":[{"href":"https:\/\/logisupplysolutions.com\/turkce\/wp-json\/wp\/v2\/pages\/3072","targetHints":{"allow":["GET"]}}],"collection":[{"href":"https:\/\/logisupplysolutions.com\/turkce\/wp-json\/wp\/v2\/pages"}],"about":[{"href":"https:\/\/logisupplysolutions.com\/turkce\/wp-json\/wp\/v2\/types\/page"}],"author":[{"embeddable":true,"href":"https:\/\/logisupplysolutions.com\/turkce\/wp-json\/wp\/v2\/users\/1"}],"replies":[{"embeddable":true,"href":"https:\/\/logisupplysolutions.com\/turkce\/wp-json\/wp\/v2\/comments?post=3072"}],"version-history":[{"count":10,"href":"https:\/\/logisupplysolutions.com\/turkce\/wp-json\/wp\/v2\/pages\/3072\/revisions"}],"predecessor-version":[{"id":3115,"href":"https:\/\/logisupplysolutions.com\/turkce\/wp-json\/wp\/v2\/pages\/3072\/revisions\/3115"}],"wp:featuredmedia":[{"embeddable":true,"href":"https:\/\/logisupplysolutions.com\/turkce\/wp-json\/wp\/v2\/media\/2810"}],"wp:attachment":[{"href":"https:\/\/logisupplysolutions.com\/turkce\/wp-json\/wp\/v2\/media?parent=3072"}],"curies":[{"name":"wp","href":"https:\/\/api.w.org\/{rel}","templated":true}]}}